 common divisor of 234 and 77142.
78
Calculate the greatest common divisor of 11750 and 2000.
250
What is the highest common divisor of 152 and 624872?
152
What is the greatest common factor of 21 and 108591?
21
What is the greatest common divisor of 344286 and 558?
558
Calculate the highest common factor of 3024 and 6624.
144
What is the highest common factor of 775809 and 30?
3
What is the greatest common divisor of 468233 and 553?
79
Calculate the highest common factor of 23454 and 144.
18
What is the highest common divisor of 1614 and 242907?
807
Calculate the greatest common factor of 2546 and 4028.
38
Calculate the greatest common divisor of 885783 and 2348.
587
What is the greatest common divisor of 30618 and 609?
21
What is the highest common divisor of 434295 and 3?
3
What is the highest common divisor of 544560 and 480?
240
Calculate the greatest common divisor of 8 and 46960.
8
What is the highest common divisor of 7990 and 68?
34
Calculate the greatest common divisor of 14028 and 96.
12
What is the highest common divisor of 1769 and 8729?
29
What is the highest common factor of 300 and 1100?
100
What is the greatest common divisor of 1836000 and 27?
27
What is the highest common factor of 522 and 4118?
58
What is the highest common divisor of 8878786 and 28?
14
What is the highest common divisor of 11978 and 4746?
226
Calculate the greatest common divisor of 109062 and 19126.
146
Calculate the highest common factor of 175658 and 14.
14
What is the highest common factor of 344 and 358964?
172
What is the greatest common factor of 1426 and 93558?
62
Calculate the greatest common divisor of 19936 and 128.
32
What is the greatest common divisor of 39507 and 4052?
1013
What is the highest common factor of 434955 and 1284?
321
What is the greatest common divisor of 43 and 405619?
43
Calculate the highest common factor of 3893449 and 101.
101
Calculate the highest common divisor of 198329 and 23.
23
What is the greatest common divisor of 23316 and 6700?
268
Calculate the greatest common factor of 1968 and 4608.
48
What is the highest common divisor of 3949 and 110?
11
Calculate the greatest common divisor of 285 and 28290.
15
Calculate the greatest common factor of 1188 and 9972.
36
Calculate the highest common divisor of 2392 and 66677.
299
Calculate the highest common divisor of 61 and 229909.
61
What is the highest common factor of 9 and 15109614?
9
What is the greatest common divisor of 696 and 1798?
58
What is the highest common factor of 82401 and 3300?
33
Calculate the highest common divisor of 188604 and 108.
36
What is the highest common divisor of 10516 and 3212?
44
What is the greatest common divisor of 2436 and 1380?
12
What is the highest common divisor of 31656 and 168?
24
What is the highest common factor of 628 and 4628674?
314
Calculate the greatest common factor of 6728 and 488.
8
Calculate the greatest common factor of 61281 and 154.
11
What is the greatest common divisor of 842 and 22?
2
Calculate the greatest common factor of 76 and 78356.
76
Calculate the greatest common factor of 428 and 21186.
214
Calculate the highest common divisor of 10388600 and 40.
40
Calculate the greatest common factor of 17353311 and 51.
51
Calculate the greatest common factor of 463 and 2480.
1
Calculate the highest common factor of 833 and 10682.
49
What is the highest common factor of 22806 and 378?
126
What is the greatest common factor of 23471 and 98?
49
Calculate the highest common factor of 350 and 499674.
14
What is the greatest common factor of 667510 and 50?
10
What is the greatest common factor of 29664 and 5184?
288
Calculate the highest common divisor of 22 and 1673474.
22
Calculate the greatest common divisor of 14478 and 2166.
114
What is the highest common factor of 1791301 and 551?
551
Calculate the highest common factor of 536 and 299021.
67
What is the greatest common factor of 235 and 48692?
47
Calculate the highest common divisor of 56974 and 3294.
122
Calculate the greatest common factor of 129 and 26918.
43
What is the greatest common factor of 12 and 13518?
6
Calculate the highest common divisor of 270351 and 27.
27
What is the greatest common factor of 69805 and 4255?
115
Calculate the highest common divisor of 1246670 and 295.
295
Calculate the greatest common factor of 17 and 2587621.
17
What is the highest common divisor of 1116 and 1944?
36
What is the greatest common factor of 320815 and 190?
95
What is the highest common divisor of 99 and 1441?
11
What is the highest common divisor of 8 and 10159?
1
Calculate the highest common divisor of 44422 and 98.
14
Calculate the greatest common factor of 18163 and 3987.
443
Calculate the greatest common factor of 518 and 4018.
14
Calculate the highest common divisor of 134444 and 174.
58
Calculate the highest common factor of 3746015 and 52.
13
What is the highest common factor of 416363 and 4?
1
Calculate the greatest common factor of 892 and 362598.
446
Calculate the highest common divisor of 1474 and 198.
22
Calculate the greatest common divisor of 2368 and 1060272.
592
What is the highest common factor of 8 and 255904?
8
What is the highest common factor of 555750 and 20?
10
What is the highest common divisor of 3198 and 29562?
78
What is the highest common divisor of 471 and 12259659?
471
What is the highest common divisor of 4151 and 20162?
593
What is the greatest common factor of 18 and 44094?
6
Calculate the highest common factor of 14344 and 128.
8
Calculate the highest common divisor of 90 and 24300.
90
Calculate the highest common divisor of 1424 and 3152.
16
What is the greatest common divisor of 9869 and 2627?
71
What is the greatest common factor of 29424 and 528?
48
Calculate the greatest common factor of 107256 and 3116.
164
Calculate the highest common divisor of 121428 and 816.
12
Calculate the greatest common factor of 69 and 148327.
23
Calculate the greatest common factor of 14032 and 20.
4
Calculate the greatest common divisor of 2381 and 39.
1
Calculate the highest common divisor of 6759464 and 788.
788
What is the greatest common factor of 90 and 11685?
15
Calculate the greatest common divisor of 364 and 806.
26
What is the highest common factor of 62379 and 4176?
261
Calculate the highest common divisor of 33 and 123112.
11
Calculate the greatest common factor of 43824 and 288.
48
What is the greatest common divisor of 364 and 1781?
13
Calculate the greatest common divisor of 75552 and 624.
48
Calculate the highest common factor of 7866 and 36.
18
Calculate the highest common factor of 62416 and 564.
188
Calculate the highest common divisor of 1408 and 2433728.
704
Calculate the highest common divisor of 48 and 369744.
48
What is the highest common factor of 22 and 330022?
22
What is the highest common factor of 129333 and 171?
57
What is the highest common factor of 1937477 and 307?
307
What is the highest common factor of 46453 and 451?
451
What is the greatest common factor of 4214 and 5504?
86
What is the highest common factor of 17008 and 383743?
1063
Calculate the highest common divisor of 261 and 82244.
29
What is the highest common divisor of 9 and 3051036?
9
Calculate the highest common divisor of 722 and 1482.
38
What is the highest common divisor of 608 and 216068?
76
Calculate the greatest common factor of 13 and 625.
1
What is the highest common factor of 94 and 277441?
47
Calculate the greatest common divisor of 12275 and 675.
25
What is the greatest common factor of 219206 and 65?
13
Calculate the greatest common factor of 5055204 and 176.
44
Calculate the greatest common divisor of 1252160 and 1120.
1120
What is the highest common factor of 129 and 137514?
129
Calculate the greatest common divisor of 237 and 9.
3
Calculate the highest common divisor of 957740 and 980.
140
What is the greatest common factor of 10632 and 559066?
886
What is the highest common factor of 54412 and 671?
61
What is the greatest common factor of 28368 and 1008?
144
What is the greatest common divisor of 19960 and 600?
40
Calculate the highest common factor of 3485 and 765.
85
Calculate the greatest common factor of 2 and 19906.
2
What is the highest common factor of 5386 and 12?
2
Calculate the greatest common divisor of 3196 and 213656.
68
What i